{"id":716,"date":"2024-12-04T10:58:43","date_gmt":"2024-12-04T10:58:43","guid":{"rendered":"https:\/\/www.kodinkuvaajat.fi\/?page_id=716"},"modified":"2024-12-05T08:52:25","modified_gmt":"2024-12-05T08:52:25","slug":"asuntokuvaus","status":"publish","type":"page","link":"http:\/\/www.kodinkuvaajat.fi\/index.php\/asuntokuvaus\/","title":{"rendered":"Asuntokuvaus"},"content":{"rendered":"<div class=\"vce-row-container\" data-vce-boxed-width=\"true\"><div class=\"vce-row vce-row--col-gap-30 vce-row-equal-height vce-row-content--top\" id=\"el-763e225e\" data-vce-do-apply=\"all el-763e225e\"><div class=\"vce-row-content\" data-vce-element-content=\"true\"><div class=\"vce-col vce-col--md-auto vce-col--xs-1 vce-col--xs-last vce-col--xs-first vce-col--sm-last vce-col--sm-first vce-col--md-last vce-col--lg-last vce-col--xl-last vce-col--md-first vce-col--lg-first vce-col--xl-first\" id=\"el-683453ff\"><div class=\"vce-col-inner\" data-vce-do-apply=\"border margin background  el-683453ff\"><div class=\"vce-col-content\" data-vce-element-content=\"true\" data-vce-do-apply=\"padding el-683453ff\"><div class=\"vce-row-container\"><div class=\"vce-row vce-element--has-background vce-row--col-gap-30 vce-row-equal-height vce-row-content--top\" data-vce-full-width=\"true\" id=\"el-843e15c4\" data-vce-do-apply=\"all el-843e15c4\"><div class=\"vce-content-background-container\"><div class=\"vce-asset-background-simple-container vce-visible-all-only vce-asset-background-simple--style-cover vce-asset-background-simple--position-center-center\"><div class=\"vce-asset-background-simple\">\n              <div style='background-image: url(\"http:\/\/www.kodinkuvaajat.fi\/wp-content\/uploads\/2024\/05\/Kodinkuvaajat-01-1-1-scaled-e1715002062185.jpg\");'  class=\"vce-asset-background-simple-item vcv-lozad\" ><\/div>\n              <noscript>\n                <div class=\"vce-asset-background-simple-item\" style=\"background-image: url(http:\/\/www.kodinkuvaajat.fi\/wp-content\/uploads\/2024\/05\/Kodinkuvaajat-01-1-1-scaled-e1715002062185.jpg)\"><\/div>\n              <\/noscript>\n            <\/div><\/div><\/div><div class=\"vce-row-content\" data-vce-element-content=\"true\"><div class=\"vce-col vce-col--md-auto vce-col--xs-1 vce-col--xs-last vce-col--xs-first vce-col--sm-last vce-col--sm-first vce-col--md-last vce-col--lg-last vce-col--xl-last vce-col--md-first vce-col--lg-first vce-col--xl-first\" id=\"el-ab916341\"><div class=\"vce-col-inner\" data-vce-do-apply=\"border margin background  el-ab916341\"><div class=\"vce-col-content\" data-vce-element-content=\"true\" data-vce-do-apply=\"padding el-ab916341\"><div class=\"vce-text-block\"><div class=\"vce-text-block-wrapper vce\" id=\"el-b6005495\" data-vce-do-apply=\"all el-b6005495\"><\/div><\/div><\/div><\/div><\/div><\/div><\/div><\/div><\/div><\/div><\/div><\/div><\/div><\/div><div class=\"vce-row-container\" data-vce-boxed-width=\"true\"><div class=\"vce-row vce-row--col-gap-30 vce-row-equal-height vce-row-content--top\" id=\"el-0ef2d018\" data-vce-do-apply=\"all el-0ef2d018\"><div class=\"vce-content-background-container\"><\/div><div class=\"vce-row-content\" data-vce-element-content=\"true\"><div class=\"vce-col vce-col--md-auto vce-col--xs-1 vce-col--xs-last vce-col--xs-first vce-col--sm-last vce-col--sm-first vce-col--md-last vce-col--lg-last vce-col--xl-last vce-col--md-first vce-col--lg-first vce-col--xl-first\" id=\"el-8630b083\"><div class=\"vce-col-inner\" data-vce-do-apply=\"border margin background  el-8630b083\"><div class=\"vce-col-content\" data-vce-element-content=\"true\" data-vce-do-apply=\"padding el-8630b083\"><div class=\"vce-text-block\"><div class=\"vce-text-block-wrapper vce\" id=\"el-8da56a4a\" data-vce-do-apply=\"all el-8da56a4a\"><h2 style=\"text-align: center;\"><span style=\"font-family: 'Roboto Slab';\">Asuntokuvaus<\/span><\/h2><\/div><\/div><\/div><\/div><\/div><\/div><\/div><\/div><div class=\"vce-row-container\" data-vce-boxed-width=\"true\"><div class=\"vce-row vce-row--col-gap-30 vce-row-equal-height vce-row-content--top\" id=\"el-8280332d\" data-vce-do-apply=\"all el-8280332d\"><div class=\"vce-content-background-container\"><\/div><div class=\"vce-row-content\" data-vce-element-content=\"true\"><div class=\"vce-col vce-col--md-auto vce-col--xs-1 vce-col--xs-last vce-col--xs-first vce-col--sm-last vce-col--sm-first vce-col--md-last vce-col--lg-last vce-col--xl-last vce-col--md-first vce-col--lg-first vce-col--xl-first\" id=\"el-0f900285\"><div class=\"vce-col-inner\" data-vce-do-apply=\"border margin background  el-0f900285\"><div class=\"vce-col-content\" data-vce-element-content=\"true\" data-vce-do-apply=\"padding el-0f900285\"><div class=\"vce-text-block\"><div class=\"vce-text-block-wrapper vce\" id=\"el-844a9503\" data-vce-do-apply=\"all el-844a9503\"><p><span style=\"font-weight: 400; font-family: Nunito; font-size: 16pt;\">Myyt\u00e4vien asuntojen valokuvaus on keskeinen osa kiinteist\u00f6n myyntiprosessia, sill\u00e4 laadukkaat kuvat voivat merkitt\u00e4v\u00e4sti vaikuttaa ostajien kiinnostukseen. T\u00e4ss\u00e4 muutamia t\u00e4rkeit\u00e4 seikkoja, jotka tekev\u00e4t asuntokuvauksesta tehokasta ja houkuttelevaa:<\/span><\/p><p><span style=\"font-weight: 400; font-family: Nunito; font-size: 16pt;\">Valokuvat ovat usein ensimm\u00e4inen asia, jonka potentiaaliset ostajat n\u00e4kev\u00e4t. Hyvin valaistut ja tarkasti sommitellut kuvat her\u00e4tt\u00e4v\u00e4t kiinnostuksen ja houkuttelee ostajia tutustumaan kohteeseen tarkemmin<\/span><\/p><p><span style=\"font-weight: 400; font-family: Nunito; font-size: 16pt;\">Hyv\u00e4t valokuvat auttavat esittelem\u00e4\u00e4n asunnon tilat ja tuovat esiin asunnon parhaat puolet, kuten laadukkaat materiaalit ja ainutlaatuiset yksityiskohdat. Valokuvat my\u00f6s v\u00e4litt\u00e4v\u00e4t asunnon tunnelman ja tyyli.<\/span><\/p><p><span style=\"font-weight: 400; font-family: Nunito; font-size: 16pt;\">Laadukkaat valokuvat ovat siis avainasemassa asunnon myynniss\u00e4, sill\u00e4 ne tekev\u00e4t kohteesta houkuttelevamman ja asunto erottuu edukseen muiden ilmoitusten joukosta.<\/span><\/p><\/div><\/div><\/div><\/div><\/div><\/div><\/div><\/div><div class=\"vce-row-container\" data-vce-boxed-width=\"true\"><div class=\"vce-row vce-row--col-gap-30 vce-row-equal-height vce-row-content--top\" id=\"el-be888e78\" data-vce-do-apply=\"all el-be888e78\"><div class=\"vce-row-content\" data-vce-element-content=\"true\"><div class=\"vce-col vce-col--md-auto vce-col--xs-1 vce-col--xs-last vce-col--xs-first vce-col--sm-last vce-col--sm-first vce-col--md-last vce-col--lg-last vce-col--xl-last vce-col--md-first vce-col--lg-first vce-col--xl-first\" id=\"el-b74dddaa\"><div class=\"vce-col-inner\" data-vce-do-apply=\"border margin background  el-b74dddaa\"><div class=\"vce-col-content\" data-vce-element-content=\"true\" data-vce-do-apply=\"padding el-b74dddaa\"><div class=\"vcv-row-control-wrapper\"><\/div><\/div><\/div><\/div><\/div><\/div><\/div><div class=\"vce-row-container\" data-vce-boxed-width=\"true\"><div class=\"vce-row vce-row--col-gap-30 vce-row-equal-height vce-row-content--top\" id=\"el-4b804ead\" data-vce-do-apply=\"all el-4b804ead\"><div class=\"vce-row-content\" data-vce-element-content=\"true\"><div class=\"vce-col vce-col--md-auto vce-col--xs-1 vce-col--xs-last vce-col--xs-first vce-col--sm-last vce-col--sm-first vce-col--md-last vce-col--lg-last vce-col--xl-last vce-col--md-first vce-col--lg-first vce-col--xl-first\" id=\"el-3554641f\"><div class=\"vce-col-inner\" data-vce-do-apply=\"border margin background  el-3554641f\"><div class=\"vce-col-content\" data-vce-element-content=\"true\" data-vce-do-apply=\"padding el-3554641f\"><div class=\"vcv-row-control-wrapper\"><\/div><\/div><\/div><\/div><\/div><\/div><\/div><div class=\"vce-row-container\" data-vce-boxed-width=\"true\"><div class=\"vce-row vce-row--col-gap-30 vce-row-equal-height vce-row-content--top\" id=\"el-66a7e740\" data-vce-do-apply=\"all el-66a7e740\"><div class=\"vce-row-content\" data-vce-element-content=\"true\"><div class=\"vce-col vce-col--md-auto vce-col--xs-1 vce-col--xs-last vce-col--xs-first vce-col--sm-last vce-col--sm-first vce-col--md-last vce-col--lg-last vce-col--xl-last vce-col--md-first vce-col--lg-first vce-col--xl-first\" id=\"el-30c33494\"><div class=\"vce-col-inner\" data-vce-do-apply=\"border margin background  el-30c33494\"><div class=\"vce-col-content\" data-vce-element-content=\"true\" data-vce-do-apply=\"padding el-30c33494\"><div class=\"vcv-row-control-wrapper\"><\/div><\/div><\/div><\/div><\/div><\/div><\/div>","protected":false},"excerpt":{"rendered":"<p>AsuntokuvausMyyt\u00e4vien asuntojen valokuvaus on keskeinen osa kiinteist\u00f6n myyntiprosessia, sill\u00e4 laadukkaat kuvat voivat merkitt\u00e4v\u00e4sti vaikuttaa ostajien kiinnostukseen. T\u00e4ss\u00e4 muutamia t\u00e4rkeit\u00e4 seikkoja, jotka tekev\u00e4t asuntokuvauksesta tehokasta ja houkuttelevaa:Valokuvat ovat usein ensimm\u00e4inen asia, jonka potentiaaliset ostajat n\u00e4kev\u00e4t. Hyvin valaistut ja tarkasti sommitellut kuvat her\u00e4tt\u00e4v\u00e4t kiinnostuksen ja houkuttelee ostajia tutustumaan kohteeseen tarkemminHyv\u00e4t valokuvat auttavat esittelem\u00e4\u00e4n asunnon tilat ja tuovat [&hellip;]<\/p>\n","protected":false},"author":1,"featured_media":0,"parent":0,"menu_order":0,"comment_status":"closed","ping_status":"closed","template":"","meta":{"footnotes":""},"_links":{"self":[{"href":"http:\/\/www.kodinkuvaajat.fi\/index.php\/wp-json\/wp\/v2\/pages\/716"}],"collection":[{"href":"http:\/\/www.kodinkuvaajat.fi\/index.php\/wp-json\/wp\/v2\/pages"}],"about":[{"href":"http:\/\/www.kodinkuvaajat.fi\/index.php\/wp-json\/wp\/v2\/types\/page"}],"author":[{"embeddable":true,"href":"http:\/\/www.kodinkuvaajat.fi\/index.php\/wp-json\/wp\/v2\/users\/1"}],"replies":[{"embeddable":true,"href":"http:\/\/www.kodinkuvaajat.fi\/index.php\/wp-json\/wp\/v2\/comments?post=716"}],"version-history":[{"count":29,"href":"http:\/\/www.kodinkuvaajat.fi\/index.php\/wp-json\/wp\/v2\/pages\/716\/revisions"}],"predecessor-version":[{"id":749,"href":"http:\/\/www.kodinkuvaajat.fi\/index.php\/wp-json\/wp\/v2\/pages\/716\/revisions\/749"}],"wp:attachment":[{"href":"http:\/\/www.kodinkuvaajat.fi\/index.php\/wp-json\/wp\/v2\/media?parent=716"}],"curies":[{"name":"wp","href":"https:\/\/api.w.org\/{rel}","templated":true}]}}